What is the tens digit of 966497?
9
What is the ten thousands digit of 1440453?
4
What is the hundred thousands digit of 1240259?
2
What is the hundred thousands digit of 201359?
2
What is the thousands digit of 2356258?
6
What is the hundreds digit of 70859?
8
What is the hundred thousands digit of 851542?
8
What is the tens digit of 274671?
7
What is the ten thousands digit of 1758913?
5
What is the thousands digit of 2683502?
3
What is the thousands digit of 28168798?
8
What is the millions digit of 2224061?
2
What is the ten thousands digit of 2862893?
6
What is the ten thousands digit of 250660?
5
What is the hundred thousands digit of 862368?
8
What is the millions digit of 16471024?
6
What is the units digit of 8977732?
2
What is the hundreds digit of 833922?
9
What is the tens digit of 462109?
0
What is the hundreds digit of 382050?
0
What is the units digit of 468699?
9
What is the hundreds digit of 4270196?
1
What is the hundred thousands digit of 3749374?
7
What is the hundreds digit of 12208180?
1
What is the tens digit of 8619357?
5
What is the units digit of 1748472?
2
What is the hundreds digit of 110180?
1
What is the tens digit of 4768570?
7
What is the units digit of 219772?
2
What is the ten thousands digit of 21500042?
0
What is the hundreds digit of 1551943?
9
What is the hundred thousands digit of 13509527?
5
What is the hundreds digit of 3769797?
7
What is the hundreds digit of 2638172?
1
What is the hundreds digit of 1835814?
8
What is the tens digit of 15006?
0
What is the hundreds digit of 431563?
5
What is the units digit of 53070?
0
What is the units digit of 29004093?
3
What is the ten thousands digit of 6529269?
2
What is the hundreds digit of 28731?
7
What is the ten thousands digit of 529087?
2
What is the hundreds digit of 487275?
2
What is the ten thousands digit of 1690633?
9
What is the millions digit of 27601096?
7
What is the units digit of 2384590?
0
What is the millions digit of 23355582?
3
What is the tens digit of 2070651?
5
What is the ten thousands digit of 2883855?
8
What is the units digit of 6895106?
6
What is the thousands digit of 220577?
0
What is the hundred thousands digit of 548941?
5
What is the ten thousands digit of 291912?
9
What is the hundred thousands digit of 276937?
2
What is the millions digit of 36049860?
6
What is the units digit of 154427?
7
What is the thousands digit of 3476879?
6
What is the ten thousands digit of 25559934?
5
What is the ten thousands digit of 3766356?
6
What is the tens digit of 109085?
8
What is the hundreds digit of 33070896?
8
What is the ten thousands digit of 711794?
1
What is the hundreds digit of 51732?
7
What is the tens digit of 654656?
5
What is the ten thousands digit of 167820?
6
What is the hundreds digit of 886494?
4
What is the hundreds digit of 975965?
9
What is the tens digit of 198279?
7
What is the tens digit of 47339?
3
What is the hundred thousands digit of 1782875?
7
What is the millions digit of 3468663?
3
What is the units digit of 344129?
9
What is the hundred thousands digit of 106059?
1
What is the units digit of 5457697?
7
What is the ten thousands digit of 2929493?
2
What is the units digit of 583760?
0
What is the ten thousands digit of 58024?
5
What is the thousands digit of 33516797?
6
What is the units digit of 218303?
3
What is the tens digit of 101693?
9
What is the ten thousands digit of 293963?
9
What is the ten thousands digit of 326514?
2
What is the units digit of 17796701?
1
What is the thousands digit of 516375?
6
What is the ten thousands digit of 49511?
4
What is the millions digit of 15159052?
5
What is the thousands digit of 181782?
1
What is the tens digit of 2210099?
9
What is the hundreds digit of 112784?
7
What is the tens digit of 1037884?
8
What is the tens digit of 7373033?
3
What is the millions digit of 1574263?
1
What is the ten thousands digit of 36708685?
0
What is the hundred thousands digit of 535942?
5
What is the tens digit of 1328401?
0
What is the units digit of 6444377?
7
What is the units digit of 109624?
4
What is the hundred thousands digit of 19395314?
3
What is the thousands digit of 39505552?
5
What is the hundreds digit of 10950?
9
What is the hundred thousands digit of 215939?
2
What is the ten thousands digit of 1752117?
5
What is the millions digit of 5790046?
5
What is the thousands digit of 819995?
9
What is the ten thousands digit of 431655?
3
What is the hundred thousands digit of 14473088?
4
What is the hundreds digit of 152537?
5
What is the hundred thousands digit of 878640?
8
What is the tens digit of 320031?
3
What is the thousands digit of 103582?
3
What is the thousands digit of 354315?
4
What is the hundred thousands digit of 253725?
2
What is the ten thousands digit of 2348931?
4
What is the hundreds digit of 4738319?
3
What is the millions digit of 4276371?
4
What is the hundred thousands digit of 5878273?
8
What is the hundred thousands digit of 4018277?
0
What is the tens digit of 3439924?
2
What is the hundred thousands digit of 204086?
2
What is the hundreds digit of 21678993?
9
What is the thousands digit of 75982?
5
What is the ten thousands digit of 260333?
6
What is the hundreds digit of 1255431?
4
What is the ten thousands digit of 12343315?
4
What is the units digit of 157716?
6
What is the millions digit of 10160348?
0
What is the tens digit of 139662?
6
What is the hundreds digit of 114110?
1
What is the ten thousands digit of 220756?
2
What is the hundred thousands digit of 31443615?
4
What is the hundreds digit of 36601?
6
What is the ten thousands digit of 8544423?
4
What is the ten thousands digit of 3201208?
0
What is the tens digit of 428222?
2
What is the units digit of 539636?
6
What is the hundreds digit of 331825?
8
What is the thousands digit of 1118350?
8
What is the hundreds digit of 5165233?
2
What is the ten thousands digit of 985782?
8
What is the thousands digit of 1655592?
5
What is the thousands digit of 5808054?
8
What is the hundreds digit of 225508?
5
What is the ten thousands digit of 1325887?
2
What is the millions digit of 6872110?
6
What is the ten thousands digit of 80432?
8
What is the tens digit of 3206712?
1
What is the thousands digit of 750716?
0
What is the millions digit of 2161070?
2
What is the ten thousands digit of 94038?
9
What is the hundreds digit of 2423178?
1
What is the hundred thousands digit of 1161369?
1
What is the ten thousands digit of 439787?
3
What is the tens digit of 212216?
1
What is the tens digit of 10791221?
2
What is the hundred thousands digit of 5188150?
1
What is the hundreds digit of 298345?
3
What is the hundred thousands digit of 149527?
1
What is the tens digit of 9252753?
5
What is the hundreds digit of 2112782?
7
What is the hundreds digit of 310378?
3
What is the hundreds digit of 1696172?
1
What is the hundreds digit of 165744?
7
What is the hundred thousands digit of 200085?
2
What is the thousands digit of 120822?
0
What is the thousands digit of 232485?
2
What is the ten thousands digit of 2905664?
0
What is the hundred thousands digit of 344537?
3
What is the hundreds digit of 778792?
7
What is the hundreds digit of 62477?
4
What is the ten thousands digit of 1308227?
0
What is the hundreds digit of 334363?
3
What is the thousands digit of 64503?
4
What is the ten thousands digit of 678130?
7
What is the thousands digit of 113347?
3
What is the tens digit of 55160?
6
What is the hundreds digit of 103201?
2
What is the hundreds digit of 90481?
4
What is the hundred thousands digit of 204989?
2
What is the tens digit of 349968?
6
What is the thousands digit of 886539?
6
What is the millions digit of 1201931?
1
What is the tens digit of 261619?
1
What is the hundreds digit of 649949?
9
What is the thousands digit of 534495?
4
What is the millions digit of 7333406?
7
What is the tens digit of 563430?
3
What is the tens digit of 470003?
0
What is the tens digit of 496600?
0
What is the millions digit of 4975325?
4
What is the millions digit of 14584815?
4
What is the ten millions digit of 29178589?
2
What is the hundreds digit of 326552?
5
What is the tens digit of 295931?
3
What is the hundreds digit of 9186974?
9
What is the hundred thousands digit of 1328527?
3
What is the hundreds d